{"id":12,"date":"2014-12-23T08:55:12","date_gmt":"2014-12-23T08:55:12","guid":{"rendered":"http:\/\/gv-eintracht-babenhausen.de\/?page_id=12"},"modified":"2025-04-18T15:56:30","modified_gmt":"2025-04-18T13:56:30","slug":"kinderchor","status":"publish","type":"page","link":"https:\/\/archive.gv-eintracht-babenhausen.de\/?page_id=12","title":{"rendered":"Kinderchor"},"content":{"rendered":"<p><strong><a href=\"http:\/\/archive.gv-eintracht-babenhausen.de\/wp-content\/uploads\/head.jpg\"><img loading=\"lazy\" decoding=\"async\" class=\"aligncenter size-full wp-image-32\" src=\"http:\/\/archive.gv-eintracht-babenhausen.de\/wp-content\/uploads\/head.jpg\" alt=\"head\" width=\"1024\" height=\"204\" srcset=\"https:\/\/archive.gv-eintracht-babenhausen.de\/wp-content\/uploads\/head.jpg 1024w, https:\/\/archive.gv-eintracht-babenhausen.de\/wp-content\/uploads\/head-300x60.jpg 300w, https:\/\/archive.gv-eintracht-babenhausen.de\/wp-content\/uploads\/head-800x159.jpg 800w, https:\/\/archive.gv-eintracht-babenhausen.de\/wp-content\/uploads\/head-400x80.jpg 400w\" sizes=\"auto, (max-width: 1024px) 100vw, 1024px\" \/><\/a><a href=\"http:\/\/archive.gv-eintracht-babenhausen.de\/wp-content\/uploads\/kinder.jpg\"><img loading=\"lazy\" decoding=\"async\" class=\"alignleft size-full wp-image-75\" src=\"http:\/\/archive.gv-eintracht-babenhausen.de\/wp-content\/uploads\/kinder.jpg\" alt=\"kinder\" width=\"50\" height=\"500\" srcset=\"https:\/\/archive.gv-eintracht-babenhausen.de\/wp-content\/uploads\/kinder.jpg 50w, https:\/\/archive.gv-eintracht-babenhausen.de\/wp-content\/uploads\/kinder-30x300.jpg 30w, https:\/\/archive.gv-eintracht-babenhausen.de\/wp-content\/uploads\/kinder-49x490.jpg 49w\" sizes=\"auto, (max-width: 50px) 100vw, 50px\" \/><\/a>Die Chorprobe findet immer montags von 16.45-17.45 Uhr im Evangelischen Gemeindehaus am Marktplatz 7 in Babenhausen statt.<br \/><\/strong><\/p>\n<p>In den hessischen Schulferien f\u00e4llt die Probe aus.<\/p>\n<p>Der Kinderchor Babenhausen setzt sich zum Ziel, Kindern im Kindergarten- und Grundschulalter eine fundierte musikalische Grundlage im Singen zu vermitteln. Beim Wechsel in die weiterf\u00fchrende Schule soll es den Kindern m\u00f6glich sein, ihre Stimme \u00fcberzeugend, schonend und sicher einsetzen zu k\u00f6nnen.<\/p>\n<p>Da in Babenhausen kein Angebot f\u00fcr Kinder in diesem Alter bestand, sollte hier eine L\u00fccke geschlossen werden, um so den Kindern m\u00f6glichst fr\u00fch die Freude am gemeinsamen Musizieren zu vermitteln und die richtige Grundlagen zu legen.<\/p>\n<p>Die Initiative zur Gr\u00fcndung des Chores im Jahr 2012 stammt von Katja Boost, die den Kinderchor auch leitet. <br \/>Jenseits von Pop-Schlagern und Casting-Shows steht die Kultivierung des gepflegten Umgangs mit der Stimme im Vordergrund. Ziel soll nicht sein, die aktuellen Charts im Radio nachzusingen, sondern den Kindern die ganze Bandbreite der musikalischen M\u00f6glichkeiten zu zeigen.<\/p>\n<p>Mit leicht zu bew\u00e4ltigender, \u00fcberwiegend deutschsprachiger Kinderchor-Literatur wird den Kindern der richtige Umgang mit der Stimme nahegebracht. Die Musik hat viele Jahrhunderte Zeit gehabt, um wundersch\u00f6ne Lieder hervorzubringen. Wir m\u00f6chten bei der Auswahl der Musik nicht nur die letzten 20 Jahre ber\u00fccksichtigen, sondern aus allen Zeitepochen St\u00fccke finden.<\/p>\n<p>Egal, ob sich die Kinder hinterher im Pop-, Musical-, Jazz-, Gospel-, HipHop-Gesang oder in der klassischen Musik heimisch f\u00fchlen \u2013 die Grundlage f\u00fcr dauerhaften Spa\u00df am Singen ist der richtige Umgang mit dem Instrument, das jeder in sich tr\u00e4gt.<\/p>\n<p>Zu allererst wollen wir gemeinsam musizieren und dabei Freude haben. Nat\u00fcrlich wirken wir auch bei den Konzerten des Gesangverein Eintracht mit und veranstalten eigene Konzerte \u2013 auf so ein Ziel hin zu arbeiten, macht viel Spa\u00df.<\/p>\n\n\n<figure class=\"wp-block-image\"><img loading=\"lazy\" decoding=\"async\" width=\"1024\" height=\"768\" src=\"http:\/\/archive.gv-eintracht-babenhausen.de\/wp-content\/uploads\/kiba_seefahrt-1-1024x768.jpg\" alt=\"\" class=\"wp-image-505\" srcset=\"https:\/\/archive.gv-eintracht-babenhausen.de\/wp-content\/uploads\/kiba_seefahrt-1-1024x768.jpg 1024w, https:\/\/archive.gv-eintracht-babenhausen.de\/wp-content\/uploads\/kiba_seefahrt-1-300x225.jpg 300w, https:\/\/archive.gv-eintracht-babenhausen.de\/wp-content\/uploads\/kiba_seefahrt-1-768x576.jpg 768w, https:\/\/archive.gv-eintracht-babenhausen.de\/wp-content\/uploads\/kiba_seefahrt-1-1x1.jpg 1w, https:\/\/archive.gv-eintracht-babenhausen.de\/wp-content\/uploads\/kiba_seefahrt-1.jpg 2000w\" sizes=\"auto, (max-width: 1024px) 100vw, 1024px\" \/><figcaption class=\"wp-element-caption\">Das Musical-Projekt 2019 &#8211; Die Seefahrt nach Rio<\/figcaption><\/figure>\n","protected":false},"excerpt":{"rendered":"<p>Die Chorprobe findet immer montags von 16.45-17.45 Uhr im Evangelischen Gemeindehaus am Marktplatz 7 in Babenhausen statt. In den hessischen Schulferien f\u00e4llt die Probe aus. Der Kinderchor Babenhausen setzt sich [&hellip;]<\/p>\n","protected":false},"author":5,"featured_media":0,"parent":0,"menu_order":2,"comment_status":"open","ping_status":"closed","template":"","meta":{"footnotes":""},"class_list":["post-12","page","type-page","status-publish","hentry"],"_links":{"self":[{"href":"https:\/\/archive.gv-eintracht-babenhausen.de\/index.php?rest_route=\/wp\/v2\/pages\/12","targetHints":{"allow":["GET"]}}],"collection":[{"href":"https:\/\/archive.gv-eintracht-babenhausen.de\/index.php?rest_route=\/wp\/v2\/pages"}],"about":[{"href":"https:\/\/archive.gv-eintracht-babenhausen.de\/index.php?rest_route=\/wp\/v2\/types\/page"}],"author":[{"embeddable":true,"href":"https:\/\/archive.gv-eintracht-babenhausen.de\/index.php?rest_route=\/wp\/v2\/users\/5"}],"replies":[{"embeddable":true,"href":"https:\/\/archive.gv-eintracht-babenhausen.de\/index.php?rest_route=%2Fwp%2Fv2%2Fcomments&post=12"}],"version-history":[{"count":13,"href":"https:\/\/archive.gv-eintracht-babenhausen.de\/index.php?rest_route=\/wp\/v2\/pages\/12\/revisions"}],"predecessor-version":[{"id":929,"href":"https:\/\/archive.gv-eintracht-babenhausen.de\/index.php?rest_route=\/wp\/v2\/pages\/12\/revisions\/929"}],"wp:attachment":[{"href":"https:\/\/archive.gv-eintracht-babenhausen.de\/index.php?rest_route=%2Fwp%2Fv2%2Fmedia&parent=12"}],"curies":[{"name":"wp","href":"https:\/\/api.w.org\/{rel}","templated":true}]}}