{"id":6,"date":"2014-12-23T08:52:32","date_gmt":"2014-12-23T08:52:32","guid":{"rendered":"http:\/\/gv-eintracht-babenhausen.de\/?page_id=6"},"modified":"2025-05-04T17:29:25","modified_gmt":"2025-05-04T15:29:25","slug":"frauenchor","status":"publish","type":"page","link":"https:\/\/archive.gv-eintracht-babenhausen.de\/?page_id=6","title":{"rendered":"Frauenchor"},"content":{"rendered":"<p><strong><a href=\"http:\/\/archive.gv-eintracht-babenhausen.de\/wp-content\/uploads\/frauen.jpg\"><img loading=\"lazy\" decoding=\"async\" class=\"alignleft size-full wp-image-78\" src=\"http:\/\/archive.gv-eintracht-babenhausen.de\/wp-content\/uploads\/frauen.jpg\" alt=\"frauen\" width=\"50\" height=\"500\" srcset=\"https:\/\/archive.gv-eintracht-babenhausen.de\/wp-content\/uploads\/frauen.jpg 50w, https:\/\/archive.gv-eintracht-babenhausen.de\/wp-content\/uploads\/frauen-30x300.jpg 30w, https:\/\/archive.gv-eintracht-babenhausen.de\/wp-content\/uploads\/frauen-49x490.jpg 49w\" sizes=\"auto, (max-width: 50px) 100vw, 50px\" \/><\/a>Chorprobe: Donnerstags 19:30 &#8211; 21:00 Uhr<br \/>\n<\/strong><\/p>\n<p>Jeden Donnerstag proben 20 quicklebendige S\u00e4ngerinnen in der Gastst\u00e4tte &#8222;Roter Hahn&#8220; in der Fahrstra\u00dfe in Babenhausen. Unser Repertoire reicht von \u201eklassisch\u201c bis \u201emodern\u201c.<\/p>\n<p><strong>Interessierte S\u00e4ngerinnen sind herzlich eingeladen zum Schnuppern vorbei zu kommen!!<\/strong><\/p>\n<p>&#8222;Women and Voices&#8220; im Wandel der Zeit:<\/p>\n<p>Der Frauenchor Women and Voices wurde im Jahr 1999 gegr\u00fcndet und bis zum Fr\u00fchjahr 2001 von Gerda Stockinger geleitet. Im Mai 2001 \u00fcbernahm Alexander Gr\u00fcn die musikalische Leitung des Chores. Mit Hilfe intensiver Stimmbildung und der Erarbeitung anspruchsvollerer Literatur wurde das Repertoire um \u201eklassische\u201c Werke des 19. Jahrhunderts erweitert. Im Fr\u00fchjahr 2004 konnte der Frauenchor 14 neue S\u00e4ngerinnen gewinnen, die sich bereits im Fr\u00fchjahr 2005 im Rahmen des Kreis-Kritik-Singens\u00a0 des S\u00e4ngerkreises Dieburg mit einer Volksliedbearbeitung\u00a0 und einer Vokalise aus dem Bereich der Popularmusik das Pr\u00e4dikat \u201esehr gut\u201c ersingen konnten. Seit Herbst 2006 war Ramon Manuel Schneewei\u00df f\u00fcr 3 Jahre musikalischer Leiter des Frauenchores. Mit ihm hat der Frauenchor im Herbst 2007 sein erstes gro\u00dfes Konzert ausgerichtet. Aus gesundheitlichen Gr\u00fcnden musste er im November 2009 die Chorleitung leider abgeben.<\/p>\n<p>Mit Rodrigo Affonso fand der Frauenchor gleich im Anschluss einen jungen und kompetenten Chorleiter. Am 12. Juni 2010 f\u00fchrte der Chor mit ihm das Jubil\u00e4umskonzert zum 10 j\u00e4hrigen Bestehen auf. Im Jahre 2012 nahm der Frauenchor am Chorfestival in Frankfurt teil. Chorreisen f\u00fchrten nach Brasilien und S\u00fcdafrika.<\/p>\n<p>Von 2020 bis 2022 war die geb\u00fcrtige Ober\u00f6sterreicherin Lisa Hofstetter unsere Chorleiterin. Mit ihrer Unterst\u00fctzung \u00fcberstand der Chor die Corona-Pandemie nicht nur sehr gut, sondern konnte sogar neue S\u00e4ngerinnen dazu gewinnen.<\/p>\n<p>Von 2023 bis 2024 \u00fcbernahm Tobias Schlosser die Leitung des Frauenchors, der im Juni 2024 erstmals beim &#8222;Open Air Konzert&#8220; in Dieburg auftrat.<\/p>\n<p>Seit 2024 leitet Ilka Tousheh den Frauenchor. Sie ist f\u00fcr den Gesangverein Eintracht keine Unbekannte &#8211; leitete sie doch fr\u00fcher schon den Kinder- und auch den M\u00e4nnerchor. Wir sind froh mit ihr eine kompetente und engagierte Chorleiterin gefunden zu haben und freuen uns schon sehr auf alle gemeinsamen Auftritte!<\/p>\n<p><a href=\"http:\/\/archive.gv-eintracht-babenhausen.de\/wp-content\/uploads\/brasilien.jpg\"><img loading=\"lazy\" decoding=\"async\" class=\"alignright size-full wp-image-8\" src=\"http:\/\/archive.gv-eintracht-babenhausen.de\/wp-content\/uploads\/brasilien.jpg\" alt=\"brasilien\" width=\"1175\" height=\"576\" srcset=\"https:\/\/archive.gv-eintracht-babenhausen.de\/wp-content\/uploads\/brasilien.jpg 1175w, https:\/\/archive.gv-eintracht-babenhausen.de\/wp-content\/uploads\/brasilien-300x147.jpg 300w, https:\/\/archive.gv-eintracht-babenhausen.de\/wp-content\/uploads\/brasilien-1024x502.jpg 1024w, https:\/\/archive.gv-eintracht-babenhausen.de\/wp-content\/uploads\/brasilien-2x1.jpg 2w\" sizes=\"auto, (max-width: 1175px) 100vw, 1175px\" \/><\/a><\/p>\n","protected":false},"excerpt":{"rendered":"<p>Chorprobe: Donnerstags 19:30 &#8211; 21:00 Uhr Jeden Donnerstag proben 20 quicklebendige S\u00e4ngerinnen in der Gastst\u00e4tte &#8222;Roter Hahn&#8220; in der Fahrstra\u00dfe in Babenhausen. Unser Repertoire reicht von \u201eklassisch\u201c bis \u201emodern\u201c. Interessierte [&hellip;]<\/p>\n","protected":false},"author":5,"featured_media":0,"parent":0,"menu_order":1,"comment_status":"open","ping_status":"closed","template":"","meta":{"footnotes":""},"class_list":["post-6","page","type-page","status-publish","hentry"],"_links":{"self":[{"href":"https:\/\/archive.gv-eintracht-babenhausen.de\/index.php?rest_route=\/wp\/v2\/pages\/6","targetHints":{"allow":["GET"]}}],"collection":[{"href":"https:\/\/archive.gv-eintracht-babenhausen.de\/index.php?rest_route=\/wp\/v2\/pages"}],"about":[{"href":"https:\/\/archive.gv-eintracht-babenhausen.de\/index.php?rest_route=\/wp\/v2\/types\/page"}],"author":[{"embeddable":true,"href":"https:\/\/archive.gv-eintracht-babenhausen.de\/index.php?rest_route=\/wp\/v2\/users\/5"}],"replies":[{"embeddable":true,"href":"https:\/\/archive.gv-eintracht-babenhausen.de\/index.php?rest_route=%2Fwp%2Fv2%2Fcomments&post=6"}],"version-history":[{"count":18,"href":"https:\/\/archive.gv-eintracht-babenhausen.de\/index.php?rest_route=\/wp\/v2\/pages\/6\/revisions"}],"predecessor-version":[{"id":979,"href":"https:\/\/archive.gv-eintracht-babenhausen.de\/index.php?rest_route=\/wp\/v2\/pages\/6\/revisions\/979"}],"wp:attachment":[{"href":"https:\/\/archive.gv-eintracht-babenhausen.de\/index.php?rest_route=%2Fwp%2Fv2%2Fmedia&parent=6"}],"curies":[{"name":"wp","href":"https:\/\/api.w.org\/{rel}","templated":true}]}}